hat is the tens digit of 3122?
2
What is the hundreds digit of 1448?
4
What is the thousands digit of 8397?
8
What is the units digit of 2766?
6
What is the ten thousands digit of 10861?
1
What is the hundred thousands digit of 170530?
1
What is the hundreds digit of 179400?
4
What is the tens digit of 555?
5
What is the ten thousands digit of 37383?
3
What is the units digit of 679?
9
What is the units digit of 5041?
1
What is the units digit of 416?
6
What is the ten thousands digit of 108170?
0
What is the hundreds digit of 9665?
6
What is the thousands digit of 1346?
1
What is the ten thousands digit of 55185?
5
What is the tens digit of 824?
2
What is the thousands digit of 32321?
2
What is the units digit of 4313?
3
What is the tens digit of 16050?
5
What is the hundreds digit of 336?
3
What is the units digit of 1614?
4
What is the ten thousands digit of 26268?
2
What is the units digit of 11359?
9
What is the thousands digit of 1395?
1
What is the tens digit of 37150?
5
What is the hundreds digit of 1120?
1
What is the units digit of 2923?
3
What is the thousands digit of 16729?
6
What is the tens digit of 7928?
2
What is the hundreds digit of 15682?
6
What is the hundreds digit of 492?
4
What is the tens digit of 37838?
3
What is the hundreds digit of 3891?
8
What is the thousands digit of 4610?
4
What is the hundreds digit of 807?
8
What is the units digit of 1028?
8
What is the tens digit of 2893?
9
What is the hundreds digit of 649?
6
What is the hundreds digit of 457?
4
What is the tens digit of 3342?
4
What is the hundreds digit of 9016?
0
What is the tens digit of 2212?
1
What is the tens digit of 5141?
4
What is the hundreds digit of 2376?
3
What is the units digit of 8258?
8
What is the units digit of 2607?
7
What is the hundreds digit of 128719?
7
What is the tens digit of 360?
6
What is the units digit of 583?
3
What is the hundreds digit of 996?
9
What is the hundreds digit of 436?
4
What is the hundreds digit of 8475?
4
What is the tens digit of 952?
5
What is the units digit of 4030?
0
What is the thousands digit of 3898?
3
What is the tens digit of 505?
0
What is the tens digit of 2331?
3
What is the units digit of 6893?
3
What is the units digit of 1446?
6
What is the tens digit of 6425?
2
What is the hundreds digit of 47450?
4
What is the tens digit of 986?
8
What is the hundreds digit of 1211?
2
What is the tens digit of 5407?
0
What is the hundreds digit of 485?
4
What is the units digit of 41561?
1
What is the thousands digit of 14859?
4
What is the thousands digit of 1680?
1
What is the tens digit of 744?
4
What is the units digit of 11177?
7
What is the units digit of 8134?
4
What is the units digit of 222?
2
What is the hundreds digit of 279?
2
What is the thousands digit of 10755?
0
What is the units digit of 977?
7
What is the units digit of 4512?
2
What is the units digit of 4396?
6
What is the hundreds digit of 508?
5
What is the units digit of 754?
4
What is the hundreds digit of 26654?
6
What is the units digit of 1533?
3
What is the hundreds digit of 25716?
7
What is the hundreds digit of 909?
9
What is the tens digit of 43?
4
What is the units digit of 1318?
8
What is the tens digit of 64?
6
What is the tens digit of 1326?
2
What is the units digit of 4?
4
What is the thousands digit of 50511?
0
What is the hundred thousands digit of 144025?
1
What is the thousands digit of 3897?
3
What is the units digit of 32391?
1
What is the units digit of 5314?
4
What is the tens digit of 85025?
2
What is the ten thousands digit of 16849?
1
What is the hundreds digit of 5473?
4
What is the units digit of 141643?
3
What is the ten thousands digit of 102448?
0
What is the hundreds digit of 52547?
5
What is the tens digit of 5661?
6
What is the hundreds digit of 24350?
3
What is the tens digit of 3518?
1
What is the tens digit of 343?
4
What is the thousands digit of 2159?
2
What is the hundreds digit of 607?
6
What is the units digit of 188?
8
What is the units digit of 2709?
9
What is the hundreds digit of 1367?
3
What is the thousands digit of 2558?
2
What is the thousands digit of 1268?
1
What is the thousands digit of 52080?
2
What is the tens digit of 1614?
1
What is the units digit of 689?
9
What is the tens digit of 40793?
9
What is the hundreds digit of 1765?
7
What is the hundreds digit of 17390?
3
What is the tens digit of 496?
9
What is the tens digit of 31533?
3
What is the tens digit of 118098?
9
What is the tens digit of 8402?
0
What is the hundreds digit of 10724?
7
What is the thousands digit of 69243?
9
What is the tens digit of 32092?
9
What is the units digit of 615?
5
What is the units digit of 7162?
2
What is the hundreds digit of 27508?
5
What is the units digit of 5821?
1
What is the units digit of 61?
1
What is the hundreds digit of 787?
7
What is the hundreds digit of 4558?
5
What is the units digit of 11564?
4
What is the ten thousands digit of 60838?
6
What is the tens digit of 57727?
2
What is the thousands digit of 2084?
2
What is the tens digit of 290?
9
What is the thousands digit of 2857?
2
What is the units digit of 30106?
6
What is the ten thousands digit of 98417?
9
What is the units digit of 485?
5
What is the tens digit of 4719?
1
What is the units digit of 9582?
2
What is the thousands digit of 1932?
1
What is the hundreds digit of 4881?
8
What is the hundreds digit of 16520?
5
What is the hundreds digit of 2371?
3
What is the units digit of 59053?
3
What is the units digit of 7320?
0
What is the thousands digit of 1501?
1
What is the thousands digit of 22981?
2
What is the units digit of 1010?
0
What is the tens digit of 4617?
1
What is the thousands digit of 7400?
7
What is the tens digit of 1840?
4
What is the thousands digit of 17739?
7
What is the thousands digit of 5810?
5
What is the ten thousands digit of 175113?
7
What is the tens digit of 6617?
1
What is the tens digit of 563?
6
What is the tens digit of 693?
9
What is the thousands digit of 7091?
7
What is the hundreds digit of 2420?
4
What is the thousands digit of 3387?
3
What is the hundreds digit of 8112?
1
What is the tens digit of 118335?
3
What is the hundreds digit of 964?
9
What is the tens digit of 539?
3
What is the hundreds digit of 697?
6
What is the ten thousands digit of 100469?
0
What is the units digit of 8110?
0
What is the units digit of 5882?
2
What is the ten thousands digit of 131632?
3
What is the tens digit of 1299?
9
What is the hundreds digit of 5112?
1
What is the thousands digit of 59633?
9
What is the hundreds digit of 939?
9
What is the units digit of 1135?
5
What is the units digit of 16159?
9
What is the hundreds digit of 32610?
6
What is the hundreds digit of 33407?
4
What is the hundreds digit of 3141?
1
What is the hundreds digit of 588?
5
What is the tens digit of 30818?
1
What is the thousands digit of 150423?
0
What is the ten thousands digit of 77341?
7
What is the units digit of 4726?
6
What is the thousands digit of 12765?
2
What is the tens digit of 4620?
2
What is the thousands digit of 7999?
7
What is the tens digit of 1990?
9
What is the units digit of 1678?
8
What is the units digit of 836?
6
What is the ten thousands digit of 12008?
1
What is the hundreds digit of 3376?
3
What is the units digit of 10021?
1
What is the thousands digit of 1424?
1
What is the tens digit of 36?
3
What is the thousands digit of 4771?
4
What is the ten thousands digit of 36392?
3
What is the tens digit of 208?
0
What is the tens digit of 2590?
9
What is the units digit of 156?
6
What is the units digit of 53808?
8
What is the units digit of 397?
7
What is the hundreds digit of 114611?
6
What is the ten thousands digit of 132193?
3
What is the units digit of 2682?
2
What is the thousands digit of 5102?
5
What is the tens digit of 120661?
6
What is the ten thousands digit of 92398?
9
What is the thousands digit of 7281?
7
What is the hundreds digit of 8046?
0
What is the thousands digit of 5062?
5
What is the hundreds digit of 1315?
3
What is the hundreds digit of 6875?
8
What is the tens digit of 740?
4
What is the hundred thousands digit of 145105?
1
What is the units digit of 3057?
7
What is the ten thousands digit of 34475?
3
What is the units digit of 471?
1
What is the units digit of 299